{"id":15,"date":"2025-03-05T14:13:51","date_gmt":"2025-03-05T14:13:51","guid":{"rendered":"https:\/\/quad-fuzine.com.hr\/?page_id=15"},"modified":"2025-07-21T14:33:50","modified_gmt":"2025-07-21T14:33:50","slug":"cjenik","status":"publish","type":"page","link":"https:\/\/quad-fuzine.com.hr\/index.php\/cjenik\/","title":{"rendered":"Cjenik"},"content":{"rendered":"\t\t<div data-elementor-type=\"wp-page\" data-elementor-id=\"15\" class=\"elementor elementor-15\" data-elementor-post-type=\"page\">\n\t\t\t\t<div class=\"elementor-element elementor-element-acb89fa e-flex e-con-boxed e-con e-parent\" data-id=\"acb89fa\" data-element_type=\"container\">\n\t\t\t\t\t<div class=\"e-con-inner\">\n\t\t\t\t<div class=\"elementor-element elementor-element-7061d6d elementor-widget elementor-widget-text-editor\" data-id=\"7061d6d\" data-element_type=\"widget\" data-widget_type=\"text-editor.default\">\n\t\t\t\t\t\t\t\t\t<h1><span style=\"color: #000000;\">Cjenik organiziranih quad izleta<\/span><\/h1>\t\t\t\t\t\t\t\t<\/div>\n\t\t\t\t<div class=\"elementor-element elementor-element-d0767a2 elementor-widget elementor-widget-text-editor\" data-id=\"d0767a2\" data-element_type=\"widget\" data-widget_type=\"text-editor.default\">\n\t\t\t\t\t\t\t\t\t<h2><span style=\"color: #000000;\">\u00a0 \u00a0<span style=\"color: #ff6600;\">Quad tura gorska rivijera Fu\u017eine<\/span><\/span><\/h2>\t\t\t\t\t\t\t\t<\/div>\n\t\t\t\t\t<\/div>\n\t\t\t\t<\/div>\n\t\t<div class=\"elementor-element elementor-element-a3eebb1 e-flex e-con-boxed e-con e-parent\" data-id=\"a3eebb1\" data-element_type=\"container\">\n\t\t\t\t\t<div class=\"e-con-inner\">\n\t\t\t\t<div class=\"elementor-element elementor-element-e770a11 elementor-widget elementor-widget-price-list\" data-id=\"e770a11\" data-element_type=\"widget\" data-widget_type=\"price-list.default\">\n\t\t\t\t\t\n\t\t<ul class=\"elementor-price-list\">\n\n\t\t\t\t\t\t\t\t\t<li class=\"elementor-price-list-item\">\t\t\t\t\n\t\t\t\t<div class=\"elementor-price-list-text\">\n\t\t\t\t\t\t\t\t\t<div class=\"elementor-price-list-header\">\n\t\t\t\t\t\t\t\t\t\t\t<span class=\"elementor-price-list-title\">\n\t\t\t\t\t\t\t1 osoba, quad\t\t\t\t\t\t<\/span>\n\t\t\t\t\t\t\t\t\t\t\t\t\t\t\t\t\t\t<span class=\"elementor-price-list-separator\"><\/span>\n\t\t\t\t\t\t\t\t\t\t\t\t\t\t\t\t\t\t\t<span class=\"elementor-price-list-price\">\u20ac100<\/span>\n\t\t\t\t\t\t\t\t\t\t<\/div>\n\t\t\t\t\t\t\t\t\t\t\t\t<\/div>\n\t\t\t\t<\/li>\t\t\t\t\t\t\t\t\t\t\t\t<li class=\"elementor-price-list-item\">\t\t\t\t\n\t\t\t\t<div class=\"elementor-price-list-text\">\n\t\t\t\t\t\t\t\t\t<div class=\"elementor-price-list-header\">\n\t\t\t\t\t\t\t\t\t\t\t<span class=\"elementor-price-list-title\">\n\t\t\t\t\t\t\t2 osobe, quad\t\t\t\t\t\t<\/span>\n\t\t\t\t\t\t\t\t\t\t\t\t\t\t\t\t\t\t<span class=\"elementor-price-list-separator\"><\/span>\n\t\t\t\t\t\t\t\t\t\t\t\t\t\t\t\t\t\t\t<span class=\"elementor-price-list-price\">\u20ac130<\/span>\n\t\t\t\t\t\t\t\t\t\t<\/div>\n\t\t\t\t\t\t\t\t\t\t\t\t<\/div>\n\t\t\t\t<\/li>\t\t\t\t\t\t\t\t\t\t\t\t<li class=\"elementor-price-list-item\">\t\t\t\t\n\t\t\t\t<div class=\"elementor-price-list-text\">\n\t\t\t\t\t\t\t\t\t<div class=\"elementor-price-list-header\">\n\t\t\t\t\t\t\t\t\t\t\t<span class=\"elementor-price-list-title\">\n\t\t\t\t\t\t\t2 osobe, buggy\t\t\t\t\t\t<\/span>\n\t\t\t\t\t\t\t\t\t\t\t\t\t\t\t\t\t\t<span class=\"elementor-price-list-separator\"><\/span>\n\t\t\t\t\t\t\t\t\t\t\t\t\t\t\t\t\t\t\t<span class=\"elementor-price-list-price\">\u20ac180<\/span>\n\t\t\t\t\t\t\t\t\t\t<\/div>\n\t\t\t\t\t\t\t\t\t\t\t\t<\/div>\n\t\t\t\t<\/li>\t\t\t\t\t\n\t\t<\/ul>\n\n\t\t\t\t\t\t<\/div>\n\t\t\t\t\t<\/div>\n\t\t\t\t<\/div>\n\t\t<div class=\"elementor-element elementor-element-3168f1f e-flex e-con-boxed e-con e-parent\" data-id=\"3168f1f\" data-element_type=\"container\">\n\t\t\t\t\t<div class=\"e-con-inner\">\n\t\t\t\t<div class=\"elementor-element elementor-element-13982e7 elementor-widget__width-initial elementor-widget elementor-widget-text-editor\" data-id=\"13982e7\" data-element_type=\"widget\" data-widget_type=\"text-editor.default\">\n\t\t\t\t\t\t\t\t\t<h3 style=\"text-align: center;\"><span style=\"color: #ff6600;\">U cijenu je uklju\u010deno gorivo, kori\u0161tenje za\u0161titne opreme, mali piknik i pi\u0107e u beach baru.\u00a0 \u00a0 \u00a0 \u00a0 \u00a0\u00a0<\/span><\/h3><h3 style=\"text-align: center;\"><span style=\"color: #ff6600;\">Pla\u0107anje je mogu\u0107e isklju\u010divo u gotovini, kartice ne primamo.<\/span><\/h3><h3 style=\"text-align: center;\"><span style=\"color: #ff6600;\">Vozila i izlete potrebno je rezervirati bar jedan dan ranije.<\/span><\/h3><h4>\u00a0<\/h4>\t\t\t\t\t\t\t\t<\/div>\n\t\t\t\t\t<\/div>\n\t\t\t\t<\/div>\n\t\t\t\t<\/div>\n\t\t","protected":false},"excerpt":{"rendered":"<p>Cjenik organiziranih quad izleta \u00a0 \u00a0Quad tura gorska rivijera Fu\u017eine 1 osoba, quad \u20ac100 2 osobe, quad \u20ac130 2 osobe, buggy \u20ac180 U cijenu je uklju\u010deno gorivo, kori\u0161tenje za\u0161titne opreme, mali piknik i pi\u0107e u beach baru.\u00a0 \u00a0 \u00a0 \u00a0 \u00a0\u00a0 Pla\u0107anje je mogu\u0107e isklju\u010divo u gotovini, kartice ne primamo. Vozila i izlete potrebno je [&hellip;]<\/p>\n","protected":false},"author":1,"featured_media":0,"parent":0,"menu_order":0,"comment_status":"closed","ping_status":"closed","template":"","meta":{"footnotes":""},"class_list":["post-15","page","type-page","status-publish","hentry"],"_links":{"self":[{"href":"https:\/\/quad-fuzine.com.hr\/index.php\/wp-json\/wp\/v2\/pages\/15","targetHints":{"allow":["GET"]}}],"collection":[{"href":"https:\/\/quad-fuzine.com.hr\/index.php\/wp-json\/wp\/v2\/pages"}],"about":[{"href":"https:\/\/quad-fuzine.com.hr\/index.php\/wp-json\/wp\/v2\/types\/page"}],"author":[{"embeddable":true,"href":"https:\/\/quad-fuzine.com.hr\/index.php\/wp-json\/wp\/v2\/users\/1"}],"replies":[{"embeddable":true,"href":"https:\/\/quad-fuzine.com.hr\/index.php\/wp-json\/wp\/v2\/comments?post=15"}],"version-history":[{"count":142,"href":"https:\/\/quad-fuzine.com.hr\/index.php\/wp-json\/wp\/v2\/pages\/15\/revisions"}],"predecessor-version":[{"id":1004,"href":"https:\/\/quad-fuzine.com.hr\/index.php\/wp-json\/wp\/v2\/pages\/15\/revisions\/1004"}],"wp:attachment":[{"href":"https:\/\/quad-fuzine.com.hr\/index.php\/wp-json\/wp\/v2\/media?parent=15"}],"curies":[{"name":"wp","href":"https:\/\/api.w.org\/{rel}","templated":true}]}}